- 3. Let t(c) = -c**3 + 6*c**2 + 3. Let w(l) = -5*s(l) - 4*t(l). Let u be w(0). Suppose -u*z + 26 = -z. Is z a prime number?
True
Let r = 257 - 178. Is r a prime number?
True
Let n = -740 + 2149. Is n prime?
True
Let k be (-3)/9 - 526/(-3). Suppose 5*i + v - 3*v = k, -2*i + 2*v + 70 = 0. Is i prime?
False
Let a(c) = 38*c + 3. Is a(2) composite?
False
Suppose a - 1089 = -0*k + 5*k, 4471 = 4*a + 3*k. Is a prime?
False
Suppose 5334 = 6*r - 960. Is r prime?
True
Let z be -2 + 3 + -2 + 2. Suppose z = c - 3*y, -2*c = y + 1 + 4. Is c/(2 - (-256)/(-127)) prime?
True
Let d(t) = 42*t - 6. Let y be d(-5). Let h = y + 365. Is h a composite number?
False
Let z be 3/(6/(-2)) + 0. Let v = z - -22. Is v a composite number?
True
Let n(m) = -865*m + 2. Let d be n(2). Let r = 2525 + d. Is r composite?
False
Let h(o) = -97*o**2 - 1. Let d be h(-1). Is (-20118)/d - 4/14 prime?
False
Let l = 95 - 57. Is l a composite number?
True
Let h(n) = 30*n**2 - 6*n - 5. Is h(-4) a composite number?
False
Let o be (2/(-5))/((-2)/60). Let c = 99 + o. Is c a prime number?
False
Let l(b) = 4*b**3 - b**2 + 3*b - 3. Let h be l(2). Let q = -8 + h. Suppose -c + q = -32. Is c a prime number?
False
Suppose 0 = -5*v + 2*p + 9, -4*p + 4 = -5*v + 7. Let t(c) = 7*c**2 + 0*c**3 - c**3 + 4 - 6 - 2*c + c**2. Is t(v) composite?
False
Let p(s) = s**2 + 3*s + 6. Is p(-8) composite?
True
Let p(j) = -j**3 - 8*j**2 + 10*j - 39. Is p(-20) prime?
True
Is (-5573)/(-2) + (-6)/(-12) a composite number?
True
Let j(z) = 2*z + 8. Suppose -2*a + w = -18, -w + 36 = 2*a + 2*a. Is j(a) a composite number?
True
Let v(k) = 5*k**2 + 9*k + 13. Is v(-9) a prime number?
True
Suppose -u = -0 + 4. Let d be (u - -6)*(-67)/(-2). Suppose 5*h - d = -3*z, -2*h = -4*z + 5*z - 26. Is h a composite number?
False
Suppose 267 = 3*r - 4*f, -r + 85 = 3*f - 4. Is r a composite number?
False
Let r(z) = 73*z + 5. Let y be r(8). Let c = y - 81. Suppose c = 3*i + i. Is i a prime number?
True
Suppose -h - 4*o + 3 = -o, 0 = -h + 5*o - 21. Is 0/h - 79/(-1) a prime number?
True
Let o = -2 + 78. Suppose 2*w - l = -3*l + o, 0 = 5*w + 3*l - 188. Is w a prime number?
True
Suppose 165 = -0*o + 3*o. Is o prime?
False
Let t(a) = 2*a**2 + 0*a**2 - a - 4*a - 3. Let y = 79 + -74. Is t(y) a composite number?
True
Let n(v) = -2*v**3 - 5*v**2 - 3*v - 1. Is n(-4) prime?
True
Let b(i) = -2*i**2 + i**2 + 0*i**2 + 1 + 5*i. Let n be b(5). Let r = n + 66. Is r prime?
True
Let w = 6 + -4. Is 1/w*(586 - 0) prime?
True
Let p be 7 - (-2 + 1) - 2. Let j be 1/2 + 9/p. Is -1*(j + 2 + -27) composite?
False
Let x = 57 + -81. Let c be -2 + -1*(x + 1). Suppose b - 3*t - c + 10 = 0, 0 = 4*b - t - 11. Is b a composite number?
False
Let a(f) = f**3 + 12*f**2 - 2*f - 7. Is a(-5) composite?
True
Let q = -4 + 4. Suppose 5*o - 65 = -q. Is o a prime number?
True
Suppose -o + 138 = 11. Is o composite?
False
Is (-101)/(27/7 + -4) prime?
False
Let h(n) = -n + 13. Let q be (9/3)/(2/(-6)). Is h(q) a composite number?
True
Let s(m) = 2*m**2 + 6*m + 11. Is s(6) a composite number?
True
Let p(u) = -u - 5. Let w be p(-6). Let q(b) = 152*b - 5 + 4 - 8*b. Is q(w) prime?
False
Is 906/14 + 4/14 prime?
False
Let y be (-10)/((1 + 1)*-1). Suppose n + 0 = y. Suppose -4*w = n - 29. Is w a prime number?
False
Let p(u) = -5*u + 6. Let m(o) = 5*o - 5. Let s(w) = -2*m(w) - 3*p(w). Is s(9) a prime number?
True
Let j(p) = 88*p + 2. Is j(2) composite?
True
Let u(l) = -l**3 - l**2 - l + 1. Let g(w) = 3*w**3 - 3*w**2 + 9*w - 9. Let a(j) = g(j) + 4*u(j). Is a(-8) a composite number?
False
Suppose -d - 4*g = 5 + 14, 0 = -5*d - 4*g - 47. Let j(r) = -r - 20. Let c(m) = -m - 19. Let v(h) = d*j(h) + 6*c(h). Is v(0) a prime number?
False
Let a(s) = 2*s + 10. Let x = -22 + 14. Let z be a(x). Is ((-20)/(-6))/((-2)/z) a composite number?
True
Suppose -3*v - 12 = 0, -3*g + 1491 = 2*g - 4*v. Is g a prime number?
False
Let j = 208 + -311. Let v = 252 + j. Is v a composite number?
False
Suppose 2*z - 3*r = -7 - 12, -5*z + 5*r - 45 = 0. Is (-4)/z*(161 - 3) a composite number?
False
Suppose -2*y - 5*v = -29, -5*y - 3*v - 5 = -6*v. Suppose 548 = i - y*r, -2*i + r + 481 + 627 = 0. Suppose 0*k = 4*k - i. Is k prime?
True
Is 869/4 + (-20)/80 composite?
True
Let g(o) = -2*o + 5. Let f be g(0). Suppose 106 + 33 = s - 5*i, f*i = 3*s - 437. Is s a prime number?
True
Let y(h) be the third derivative of 23*h**6/40 - h**4/24 + h**3/2 - 7*h**2. Is y(2) prime?
False
Let j(l) = 43*l - 2. Let p(d) = -87*d + 3. Let n(y) = -5*j(y) - 3*p(y). Is n(1) a composite number?
False
Let s = -35 - -21. Suppose 2*k + 84 = 5*k. Let o = s + k. Is o prime?
False
Let h = 21 + 2. Is h prime?
True
Let a(h) = 2*h**2 + 3*h - 9. Let f be a(8). Suppose 3*d - 4*p = p + f, 0 = -3*p - 3. Is d a prime number?
False
Let p be 2/4*2 + -1. Suppose 3*y + 2*y - 1930 = 0. Suppose 5*t - y = -w - p*w, -4*t - 2*w = -310. Is t composite?
True
Suppose -2*o + 969 = c, -4*o + c - 84 = -2025. Is o composite?
True
Let l = -3 - -5. Suppose 2*t - 2*w + 42 = 6*t, -1 = -l*t + 3*w. Let k(f) = f**3 - 8*f**2 + 3*f + 7. Is k(t) a prime number?
True
Let i(v) = -8*v**2 + 5*v + 1. Let s be i(10). Let g = s - -1234. Is g composite?
True
Let t be ((-4)/6)/((-6)/3393). Suppose 2*q + 0*q - 2*w - 248 = 0, 4*w + t = 3*q. Is q a prime number?
False
Suppose p + 61 = a, 3*a - 2*p + 0*p - 181 = 0. Is a a prime number?
True
Let p(b) = -b**2 + 4*b + 2. Let i be p(3). Let o(y) = 3*y**3 + y**2 + 3*y + 4. Is o(i) a prime number?
True
Suppose -2*z = -6 - 0. Let d = -1 + z. Suppose 4*r - 3*c = 88, d*r + c = -4*c + 18. Is r composite?
False
Is 1*(0 + -177)/(-3) prime?
True
Suppose 2*s + b = 94, 2*b = -s + 5*b + 47. Suppose -6*f = -2*f + 4*j - 188, -f + 5*j = -s. Is f prime?
True
Suppose -1 - 3 = k. Is (k/3)/(2/(-21)) composite?
True
Suppose -d + 0*d + 761 = 0. Is d a composite number?
False
Let p(s) be the second derivative of -s**4/12 - s**3/2 - s**2/2 + s. Let u be p(-4). Is 3/15 - 664/u a prime number?
False
Suppose 5*f = 3*p + 320, 2*f + 26 - 170 = -2*p. Let c = 12 + f. Is c composite?
False
Suppose -p + 2*w = -69, 0 = 2*p - 6*p - 4*w + 264. Is p prime?
True
Let s = -26 - -18. Let i(q) = -11*q - 5. Is i(s) prime?
True
Suppose 17 = b - 15. Suppose 20 = 4*s - b. Is s prime?
True
Let j = 7074 - 5011. Is j composite?
False
Suppose 2*t + 0*t - 638 = -4*w, -4*t - 2*w = -1270. Is t composite?
False
Let b = -1137 + 2608. Is b prime?
True
Let f = -35 - -69. Is f prime?
False
Suppose -3*x + 7*x - 3140 = 0. Is x a composite number?
True
Suppose 2729 = 7*l - 7050. Is l a prime number?
False
Suppose -8*m + 3*m = -815. Is m prime?
True
Suppose -5395 = 11*z - 16*z. Is z a prime number?
False
Is (-1005)/(-5) + 4/1 prime?
False
Suppose -2*y - 51 = -3*y. Is y a prime number?
False
Let s = 365 - -380. Is s composite?
True
Suppose -5*o - 64 = -4*w, -5*o - 2*w = 14 + 44. Is (-369)/o + (-1)/(-4) a composite number?
False
Let n be 758/9 + (-14)/63. Suppose -5*y + n = -y. Is y a composite number?
True
Suppose -24 = -0*d - 4*d. Suppose d = -0*l + l. Suppose -29 - l = -r. Is r prime?
False
Suppose -4*g = -0 - 44. Let i(z) = -10 + 0 - 20*z + g*z. Is i(-7) a prime number?
True
Let h = -9 + 9. Suppose -3*a + h*a = -3*t - 171, 3*a + 141 = -3*t. Is t*(-1 - (-3)/(-12)) prime?
False
Suppose -2*b - 52 = 4*v - 7*b, 2*b = 3*v + 46. Let c = v + 37. Is c prime?
True
Let r be 4*((-5)/(-2))/5. Suppose 3 = w - r. Is w/(-3)*(-16 - -1) a composite number?
True
Suppose 3*o - 8 = -5*h, -h + 24 = 4*h - o. Suppose 2*v - 4*a + 760 = 6*v, -2*a = h*v - 762. Is v a composite number?
False
Suppose 0 = 2*y, 2*c + 2 + 4 = -3*y. Let u = c + -1. Is 6/u - 177/(-2) composite?
True
Let a(z) = -2*z**2 + 5*z + 2. Let h be a(-12). Let v = -123 - h. Is v a composite number?
False
Suppose -3*a = 2*a - 10. Let i(b) = b + 1. Let x be i(a). Suppose -5*k = 3*q - 3*k - 17, -x*k = 4*q - 22. Is q composite?
False
Suppose 4*h = h + 4*p + 146, -3*p - 258 = -5*h. Suppose 8 = -2*r, 6 = -k - r + 2. Suppose k = -4*j + 278 + h. Is j composite?
False
Let h(g) = -g**2 - 4*g + 2. Let m(r) = 4*r - 2. Let i(u) = -4*h(u) - 3*m(u). Let d be i(6). Is 1/(2 + (-330)/d) composite?
False
Let m(u) = u**3 - 2*u**2 - 5*u + 1. Suppose q = -2*v + 12, -3*v + 10 + 11 = 2*q. Let j be m(q). Suppose -7*n + 2*n + j = 0. Is n a composite number?
False
Suppose 2*h = -0*h. Is 13 - (-3 - (-6 + h))